What are the prime factors of 167281953?
3, 55760651
List the prime factors of 215140581.
3, 23904509
What are the prime factors of 88094924?
2, 29, 653, 1163
What are the prime factors of 1142234?
2, 149, 3833
List the prime factors of 433554984.
2, 3, 2007199
What are the prime factors of 253751976?
2, 3, 211, 16703
What are the prime factors of 77742467?
11, 53, 133349
List the prime factors of 269839887.
3, 23, 67, 58369
List the prime factors of 162540491.
162540491
List the prime factors of 1421323824.
2, 3, 23, 1287431
List the prime factors of 2111507475.
3, 5, 7, 11, 43, 773
List the prime factors of 1943608409.
37, 359, 146323
List the prime factors of 423372624.
2, 3, 17, 29, 17891
What are the prime factors of 3169981057?
2081, 1523297
List the prime factors of 35324530.
2, 5, 3532453
List the prime factors of 350334806.
2, 19, 9219337
List the prime factors of 1226202881.
47, 1583, 16481
List the prime factors of 239944158.
2, 3, 13330231
List the prime factors of 822082457.
7, 379, 44267
List the prime factors of 64087536.
2, 3, 1335157
What are the prime factors of 57470132?
2, 17, 733, 1153
List the prime factors of 2637692788.
2, 659423197
List the prime factors of 33893174.
2, 7, 2420941
What are the prime factors of 33081220?
2, 5, 977, 1693
What are the prime factors of 3766713167?
7, 538101881
List the prime factors of 113663353.
113663353
What are the prime factors of 19833222?
2, 3, 23, 143719
What are the prime factors of 5091898?
2, 7, 401, 907
List the prime factors of 430927450.
2, 5, 1811, 4759
What are the prime factors of 76663716?
2, 3, 313, 20411
What are the prime factors of 243497562?
2, 3, 7, 11, 17, 43, 103
What are the prime factors of 97869894?
2, 3, 16311649
What are the prime factors of 3247603672?
2, 405950459
What are the prime factors of 190911510?
2, 3, 5, 2121239
What are the prime factors of 1030620845?
5, 12007, 17167
What are the prime factors of 198411100?
2, 5, 59, 33629
List the prime factors of 1333176991.
23, 57964217
List the prime factors of 212529272.
2, 1259, 21101
List the prime factors of 25946151.
3, 7, 11, 10211
What are the prime factors of 357421199?
6959, 51361
List the prime factors of 1599391109.
353, 4530853
What are the prime factors of 46629203?
1741, 26783
List the prime factors of 41295684.
2, 3, 199, 17293
What are the prime factors of 525551663?
7, 13, 37, 156089
What are the prime factors of 3604314280?
2, 5, 7, 101, 233, 547
What are the prime factors of 1925888142?
2, 3, 11549, 27793
List the prime factors of 26565351.
3, 1567, 5651
What are the prime factors of 768353609?
787, 976307
List the prime factors of 1068410793.
3, 19, 547, 34267
What are the prime factors of 197637073?
43, 4596211
List the prime factors of 3014647.
3014647
List the prime factors of 252205341.
3, 401, 209647
List the prime factors of 6428290.
2, 5, 11, 58439
What are the prime factors of 36515991?
3, 12171997
List the prime factors of 155958411.
3, 7, 83, 89477
List the prime factors of 128090701.
5953, 21517
What are the prime factors of 365790677?
7, 52255811
List the prime factors of 1800074058.
2, 3, 2039, 147137
What are the prime factors of 3829647533?
3829647533
What are the prime factors of 16228883?
11, 89, 137
List the prime factors of 202145445.
3, 5, 53, 131, 647
What are the prime factors of 117289107?
3, 13, 334157
List the prime factors of 6840597200.
2, 5, 17101493
What are the prime factors of 1562096222?
2, 109, 7165579
What are the prime factors of 53705259?
3, 5967251
List the prime factors of 461522655.
3, 5, 11, 43, 21683
List the prime factors of 6318330.
2, 3, 5, 23, 9157
List the prime factors of 63738853.
3533, 18041
What are the prime factors of 118232028?
2, 3, 41, 26701
What are the prime factors of 110856460?
2, 5, 11, 13, 83, 467
List the prime factors of 134473832.
2, 16809229
What are the prime factors of 456622858?
2, 19, 12016391
List the prime factors of 56936796.
2, 3, 7, 277, 2447
What are the prime factors of 2294086641?
3, 7, 11, 17, 584183
What are the prime factors of 49071471?
3, 19, 43, 20021
What are the prime factors of 52120266?
2, 3, 11, 17, 41, 103
What are the prime factors of 3406143821?
43, 997, 79451
List the prime factors of 48469626.
2, 3, 41, 65677
What are the prime factors of 10809922?
2, 5404961
List the prime factors of 3042290.
2, 5, 79, 3851
What are the prime factors of 2198930810?
2, 5, 219893081
List the prime factors of 109813344.
2, 3, 127, 9007
What are the prime factors of 8844259?
23, 384533
List the prime factors of 4711940430.
2, 3, 5, 43, 163, 22409
List the prime factors of 55821708.
2, 3, 1550603
What are the prime factors of 1472306421?
3, 490768807
What are the prime factors of 802807513?
19, 59, 127, 5639
What are the prime factors of 576034938?
2, 3, 797, 40153
List the prime factors of 128397451.
7, 13, 1410961
What are the prime factors of 1130582?
2, 449, 1259
List the prime factors of 62969990.
2, 5, 19, 31, 10691
List the prime factors of 51068985.
3, 5, 11, 41, 7549
What are the prime factors of 40463486?
2, 7, 23, 53, 2371
What are the prime factors of 1375572143?
11, 61, 2050033
List the prime factors of 75099481.
191, 393191
What are the prime factors of 3118017039?
3, 17, 1013, 60353
What are the prime factors of 1858458603?
3, 619486201
List the prime factors of 68381807.
13, 5260139
What are the prime factors of 1075152643?
1075152643
List the prime factors of 231422071.
17, 19, 716477
List the prime factors of 37328158.
2, 7, 17, 156841
What are the prime factors of 496333618?
2, 11, 19, 41, 28961
What are the prime factors of 245518438?
2, 11, 1014539
List the prime factors of 1946091259.
7, 47, 53, 233, 479
What are the prime factors of 8386533997?
37, 226663081
What are the prime factors of 220357006?
2, 113, 211, 4621
List the prime factors of 2686768217.
7, 151, 467, 5443
What are the prime factors of 245964887?
7, 35137841
List the prime factors of 2091039554.
2, 131, 7981067
List the prime factors of 371457992.
2, 971, 47819
What are the prime factors of 59779245?
3, 5, 43, 92681
List the prime factors of 76480046.
2, 229, 166987
What are the prime factors of 221993510?
2, 5, 22199351
What are the prime factors of 47869777?
1531, 31267
What are the prime factors of 4686860979?
3, 520762331
List the prime factors of 299161784.
2, 17, 2199719
What are the prime factors of 43523416?
2, 5440427
List the prime factors of 14321900.
2, 5, 197, 727
List the prime factors of 600778508.
2, 11, 61, 223837
List the prime factors of 152006127.
3, 7, 13, 556799
What are the prime factors of 11614947?
3, 19, 203771
List the prime factors of 86297723.
181, 476783
List the prime factors of 58201412.
2, 14550353
What are the prime factors of 3103265?
5, 11, 17, 3319
List the prime factors of 386130131.
97, 577, 6899
List the prime factors of 19142445.
3, 5, 7, 182309
List the prime factors of 334275275.
5, 1163, 11497
List the prime factors of 60837552.
2, 3, 47, 89, 101
What are the prime factors of 88745346?
2, 3, 4930297
List the prime factors of 50162345.
5, 109, 92041
List the prime factors of 43589082.
2, 3, 59, 2087
What are the prime factors of 137283454?
2, 7, 11, 81041
List the prime factors of 781375388.
2, 4523, 43189
What are the prime factors of 1236402795?
3, 5, 3529, 23357
What are the prime factors of 404831943?
3, 613, 73379
List the prime factors of 216089377.
7, 30869911
What are the prime factors of 526984198?
2, 13, 167, 121369
List the prime factors of 419512791.
3, 17, 2741, 3001
List the prime factors of 135986981.
13, 499, 20963
List the prime factors of 9035654065.
5, 8779, 205847
What are the prime factors of 39219166?
2, 7, 2801369
List the prime factors of 1512756537.
3, 504252179
What are the prime factors of 1467558629?
6229, 235601
List the prime factors of 83004030.
2, 3, 5, 17, 54251
What are the prime factors of 7055019?
3, 29033
What are the prime factors of 486516028?
2, 121629007
List the prime factors of 256069757.
491, 521527
What are the prime factors of 123107843?
37, 3327239
List the prime factors of 106790555.
5, 21358111
What are the prime factors of 1384417997?
61, 22695377
What are the prime factors of 612561989?
13, 3181, 14813
What are the prime factors of 33